 be a/(-6) - 2/2. Let n = 10 + r. What is the units digit of n?
7
Suppose 185 - 11 = 2*q. Suppose -5*y - l - l + q = 0, 4*l + 35 = y. Let g = y - 3. What is the tens digit of g?
1
Let m be 14/10 - (-4)/(-10). Let j = -15 - -10. Let p = m - j. What is the units digit of p?
6
Let a = 0 + 3. Let r(w) = -3*w**3 + w**2 - 6*w - 5. Let x(n) = 4*n**3 - 2*n**2 + 7*n + 6. Let f(o) = -5*r(o) - 4*x(o). What is the units digit of f(a)?
7
Let s(b) = 68*b**2. What is the units digit of s(-1)?
8
Let n = 17 + -12. What is the units digit of n?
5
Suppose 0 = k + 2 - 0. Let o(l) = -4*l**3 - 2*l**2 - 3*l. Let n be o(k). Suppose -4*u = 4, 5*i - 2*u = i + n. What is the units digit of i?
7
Suppose 6 = 2*k - 12. What is the units digit of k?
9
Let g be 7/2*(5 - 3). Let k = g + -4. Suppose h - 8 = -k. What is the units digit of h?
5
What is the units digit of -2*4/8*-20?
0
Suppose -m = -5*y + 2*m - 30, -3*y - 18 = -2*m. What is the units digit of 4/y - (-26)/3?
8
Let z = -213 - -320. What is the units digit of z?
7
Let a(c) = c**2 + 5*c - 2. Let y be a(-6). Let i be (-21)/(-6)*(y + -2). What is the units digit of 0*(-3)/(-6) + i?
7
Let y(o) = o - 1. Let v be y(1). Suppose 0*r = -4*w - 4*r + 4, v = r + 1. What is the units digit of (7 - w)*(2 + -1)?
5
Let b = 651 + -368. What is the hundreds digit of b?
2
Let p = -10 + 13. What is the units digit of p?
3
Let j = -1 + 2. Suppose -j - 11 = -3*a. What is the units digit of a?
4
Let o(n) = n - 1. Let i be o(6). Suppose 3*c + 5*d = 2*d + 24, i*d = 4*c + 4. What is the units digit of c?
4
Let x(r) = -14*r + 14. What is the tens digit of x(-7)?
1
Let m(s) = 9*s. Let o be (-3 + 0)/(-6)*2. What is the units digit of m(o)?
9
Suppose 0 = -2*q + 4*f - f + 9, -3*f - 9 = -4*q. Suppose -6*y + 2*y + 16 = -5*n, 5*y - n - 20 = q. What is the units digit of ((-2)/y)/(1/(-26))?
3
Suppose 5*w + 16 = 4*b - 8, -3*w = -b + 6. Let a = 39 - b. What is the units digit of a?
3
Let p be (-6)/8 - (-1)/(-4). What is the tens digit of -28*(p/(-2) + -1)?
1
Let a = 34 + -22. What is the tens digit of a?
1
Let p = -141 + 200. What is the tens digit of p?
5
Let n(v) = 2*v + 2. Let d be (-2)/4 + (-25)/(-10). Suppose -r = 4*a + d*r - 5, 5*a = -3*r + 7. What is the units digit of n(a)?
6
Let b(g) = 5*g**3 - g**2 - 4*g + 4. What is the units digit of b(2)?
2
Let a = -362 - -517. What is the hundreds digit of a?
1
Suppose -l + 5 = -1. What is the units digit of l?
6
Let p be 3/6*1*4. Suppose -2*u + 3 = -2*i + 7*i, -p*u = -i - 9. Suppose 2*z - 56 = -2*z - u*d, -4*z + d + 41 = 0. What is the tens digit of z?
1
What is the tens digit of (-5 - -3)/((-14)/581)?
8
Let j = -6 - -16. Suppose -j = -0*g - 2*g. What is the units digit of g?
5
Suppose 0 = 7*l - 3*l - 80. What is the tens digit of l?
2
Let q = 5 + -3. Suppose -q*z + 5 + 23 = 0. What is the units digit of 296/56 + (-4)/z?
5
Let i = -57 + 116. What is the units digit of i?
9
Let y(h) = -h**3 - 10*h**2 - 14*h - 10. What is the tens digit of y(-9)?
3
Suppose -4*t + 3 + 101 = 0. Suppose 108 - t = 2*z. What is the tens digit of z?
4
Suppose 1 = 3*j + 7. Let o = j - -13. Suppose 0 = 4*s - o - 17. What is the units digit of s?
7
Let c be (-4)/8*-4 - 3. What is the units digit of (c - -5)*(-2)/(-4)?
2
Let d(w) = -w**2 - 6*w - 5. Let a be d(-5). Suppose a = -4*l - l + 60. Suppose 3*n + n - l = 0. What is the units digit of n?
3
Suppose 0 = 3*n + 5*x + 30 - 912, -x + 296 = n. What is the tens digit of n?
9
Let r(f) = f**3 + 6*f**2 - 11*f - 9. What is the tens digit of r(-7)?
1
What is the units digit of (-149)/(-3) + -4 + 30/9?
9
Suppose g + 3*y = -15, y + 2 = g - 3. Suppose 2*k = 2 - g. What is the units digit of k?
1
Suppose -4*a + t = -3*t, 2*a + 16 = -2*t. Let u be (-3)/a + 212/16. Let l = u - 3. What is the units digit of l?
1
Suppose 0 = 2*b - b - 18. Let z = b + -10. What is the units digit of z?
8
Suppose -361 = -3*q - 52. What is the units digit of q?
3
Let m(x) = -x**2 + 6*x - 5. Let h be m(4). Suppose h*o - 7 - 5 = 0. What is the units digit of o?
4
Let b(j) = 10*j**2. What is the units digit of b(-1)?
0
Let k be 2/5 - 8/(-5). Suppose -2*o - 24 = -x + o, x + k*o + 1 = 0. Let j = -7 + x. What is the units digit of j?
2
Let a = -5 + 68. Let d = a + -35. What is the tens digit of d?
2
Let c be 10/25 + (-36)/(-10). Suppose -f - 2*f + 36 = 5*i, c*i - 33 = -3*f. What is the units digit of f?
7
Let w(o) = -1. Let j(n) = -9*n**2 + n - 2. Let k(h) = -j(h) + w(h). Suppose -z + 5 = 4. What is the units digit of k(z)?
9
Let f = -11 - 9. Let w be 6/4*f/(-6). Suppose 2*m = 5 + w. What is the units digit of m?
5
Let b(z) = 3*z**2 - 12*z + 20. What is the units digit of b(12)?
8
Suppose 0 = 9*z + 8*z - 765. What is the units digit of z?
5
What is the hundreds digit of -1*316*30/(-60)?
1
Let h(u) = u**3 + u**2 - 3*u - 2. Let t be h(-2). Let n = t - -7. Let i(o) = 2*o + 4. What is the units digit of i(n)?
8
Let p(v) = v**2 - 7*v + 2. Suppose m + m = 12. Let a be p(m). What is the units digit of ((-36)/8)/(3/a)?
6
Let o be 21*(3 + 24/(-9)). Let d = 8 + -13. Let n = o - d. What is the units digit of n?
2
Let p = 6 - 6. Let y be (-2 - p)/((-2)/65). Suppose -3*g - 2*g = -y. What is the tens digit of g?
1
Suppose -68 - 79 = -3*b. What is the tens digit of b?
4
Let h(m) = 9*m. Let f be h(1). What is the tens digit of (6 - f)*13/(-3)?
1
Let n = -4 + 3. Let q = n + 5. Suppose q*r = -m + 3 + 5, m = -r + 5. What is the units digit of m?
4
Let d be (-4)/(-8) - (-1)/(-2). Suppose d = 5*p + 45 + 25. What is the units digit of p/(-3)*6/4?
7
Let c be 1/(9/6 + -1). Suppose -c*l = 2*l + 64. Let j = l + 24. What is the units digit of j?
8
Suppose 4*y + 3*x - 30 = 0, -2*x + x = 2*y - 14. Let u(o) = -o**3 + o**2 + o - 15. Let m be u(0). What is the units digit of (-5)/(m/y) + 2?
4
Let x be 2/((-10)/(-8) - 1). Suppose x*a - 3*a + 5*b + 90 = 0, 0 = -4*b - 8. Let k = a - -23. What is the units digit of k?
7
Suppose 0 = 4*w + 5*p - 10, 0*w - 9 = -3*w - 3*p. Let a = 6 - w. Let h = 8 - a. What is the units digit of h?
7
Let q = 60 + -28. What is the tens digit of q?
3
Let v be (-8)/(-16) - 9/(-2). Let x(f) = 3*f - 5. Let d be x(v). What is the tens digit of 4/10 + 116/d?
1
Suppose 6*t + 75 = 279. What is the tens digit of t?
3
Let p(w) = 5*w**2 - 2*w + 1. What is the tens digit of p(-2)?
2
Let d(g) = -g**3 + 4*g**2 + 7*g - 6. What is the units digit of d(5)?
4
Let y(h) = -h**3 + 11*h**2 + 14*h - 1. What is the units digit of y(12)?
3
Let r(y) = -3*y**2 + 3*y**2 - y**2 + 4 + y**3. What is the units digit of r(2)?
8
Suppose 20 = 5*n, -5*c + n - 4*n = -27. Let y = -4 + c. What is the units digit of (9/15 - y)*5?
8
Let z(s) be the second derivative of -s**4/12 - 11*s**3/6 - 13*s**2/2 - 12*s. Let p(h) = 8*h - 1. Let a be p(-1). What is the units digit of z(a)?
5
Let b be 6/(-2) + 8 + 27. Suppose -3*o + 22 = -b. What is the tens digit of o?
1
What is the units digit of 60/21*175/10?
0
Let n = 98 + -51. What is the tens digit of n?
4
Let i(k) be the first derivative of 1 - 1/2*k**2 - 3*k. What is the units digit of i(-5)?
2
Let y = 3 - 3. Suppose -v - 5*g - 53 = -5*v, v - g - 12 = y. What is the units digit of v?
7
What is the tens digit of 222 + -10 + -1*(2 - 3)?
1
Suppose -83*p + 85*p - 770 = 0. What is the hundreds digit of p?
3
Suppose 7*v - 3*v - 40 = 0. Suppose 0*b - 2*b = -v. Suppose -5*n = 5*h + b - 30, 5*n = 4*h + 34. What is the units digit of n?
6
Let v(i) = -8*i**3 + 2*i**2 + i + 2. Let s be v(-2). Suppose 6 + s = 3*k. What is the units digit of k?
6
Let j(x) = 3*x - 1. Suppose 0 = k - 2*d - 3 - 3, -4*d = -k + 10. Let l be j(k). Suppose l*a - 11 - 39 = 0. What is the tens digit of a?
1
Let h be (-3 - -2) + (-2 - -1). Let g be (-4)/h*-2 - -1. What is the units digit of ((-2)/(-6))/(g/(-81))?
9
Let k = -90 - -138. Suppose 2*z - k = -2*z. Suppose -3*q + z = -2*q. What is the units digit of q?
2
Suppose -4*a + 2*a = -10. Suppose -a*x + 51 = 5*v + 16, 5*v = 0. What is the units digit of x?
7
Let u(d) be the third derivative of -d**4/6 - d**3/6 - 4*d**2. Let r = -3 + 2. What is the units digit of u(r)?
3
Let w be 6/27 + 32/18. Suppose i - w - 2 = 0, 5*y + 3*i = 32. What is the units digit of y?
4
Let h(x) = -4*x. Let o be h(-5). Suppose 5*g = g + o. Let k = g + -2. What is the units digit of k?
3
Suppose 0 = -4*o + 2*o + 84. Suppose 2*v + v - 